{"id":338,"date":"2021-02-05T22:47:41","date_gmt":"2021-02-05T21:47:41","guid":{"rendered":"http:\/\/sensinghands.de\/?page_id=338"},"modified":"2026-02-01T16:33:35","modified_gmt":"2026-02-01T15:33:35","slug":"herzlich-willkommen","status":"publish","type":"page","link":"https:\/\/sensinghands.de\/","title":{"rendered":"Herzlich willkommen!"},"content":{"rendered":"\n<p>Sch\u00f6n, dass ihr da seid. <\/p>\n\n\n\n<p>Ich bin Claudia Schulze, DIPO Pferde-Osteotherapeutin und Human-&nbsp; Physiotherapeutin. Am Deutschen Institut f\u00fcr Pferde-Osteopathie habe ich meine Ausbildung 2017 abgeschlossen und widme mich der ganzheitlichen Therapie f\u00fcr Pferde.<\/p>\n\n\n\n<p>2021 habe ich die Weiterbildung zur Osteotherapeutin f\u00fcr Hunde erfolgreich beendet.\u00a0Au\u00dferdem bin ich am DIPO als Dozentin t\u00e4tig und freue mich sehr, zuk\u00fcnftige Therapeuten unterst\u00fctzen zu d\u00fcrfen.<\/p>\n\n\n\n<p>Auf meiner Seite erfahrt ihr alles Wissenswerte \u00fcber meine osteotherapeutischen Behandlungsm\u00f6glichkeiten und der ganzheitlichen Therapie f\u00fcr Pferde.<\/p>\n\n\n\n<p>Was kann ich f\u00fcr Dein Pferd tun?<\/p>\n\n\n\n<p>Claudia Schulze <br>DIPO Pferde-Osteotherapeutin <\/p>\n","protected":false},"excerpt":{"rendered":"<p>Sch\u00f6n, dass ihr da seid. Ich bin Claudia Schulze, DIPO Pferde-Osteotherapeutin und Human-&nbsp; Physiotherapeutin. Am Deutschen Institut f\u00fcr Pferde-Osteopathie habe ich meine Ausbildung 2017 abgeschlossen und widme mich der ganzheitlichen Therapie f\u00fcr Pferde. 2021 habe ich die Weiterbildung zur Osteotherapeutin f\u00fcr Hunde erfolgreich beendet.\u00a0Au\u00dferdem bin ich am DIPO als Dozentin t\u00e4tig und freue mich sehr, [&hellip;]<\/p>\n","protected":false},"author":1,"featured_media":0,"parent":0,"menu_order":0,"comment_status":"closed","ping_status":"closed","template":"","meta":[],"_links":{"self":[{"href":"https:\/\/sensinghands.de\/index.php?rest_route=\/wp\/v2\/pages\/338"}],"collection":[{"href":"https:\/\/sensinghands.de\/index.php?rest_route=\/wp\/v2\/pages"}],"about":[{"href":"https:\/\/sensinghands.de\/index.php?rest_route=\/wp\/v2\/types\/page"}],"author":[{"embeddable":true,"href":"https:\/\/sensinghands.de\/index.php?rest_route=\/wp\/v2\/users\/1"}],"replies":[{"embeddable":true,"href":"https:\/\/sensinghands.de\/index.php?rest_route=%2Fwp%2Fv2%2Fcomments&post=338"}],"version-history":[{"count":6,"href":"https:\/\/sensinghands.de\/index.php?rest_route=\/wp\/v2\/pages\/338\/revisions"}],"predecessor-version":[{"id":393,"href":"https:\/\/sensinghands.de\/index.php?rest_route=\/wp\/v2\/pages\/338\/revisions\/393"}],"wp:attachment":[{"href":"https:\/\/sensinghands.de\/index.php?rest_route=%2Fwp%2Fv2%2Fmedia&parent=338"}],"curies":[{"name":"wp","href":"https:\/\/api.w.org\/{rel}","templated":true}]}}